uppose 6*w + 380 = -5080. List the prime factors of (-2 - -3)*-2 + (0 - w).
2, 227
Let r(t) = 364*t + 351. Let d(w) = 121*w + 117. Let g(f) = -7*d(f) + 2*r(f). What are the prime factors of g(-5)?
2, 239
Let g(k) = -17*k - 5 + 16 - 16. Let p be g(2). List the prime factors of 2992/13 - (-6)/p.
2, 5, 23
Suppose -4*l + 22 = -2. List the prime factors of 2 - 1*(l + -4 + -248).
2, 31
What are the prime factors of (-81302)/(-8) + (-8)/32*-1?
10163
Suppose -2*g - 2314 = 4*s, -3*s = -4*g + 2190 - 471. Let u = s - -959. List the prime factors of u.
2, 191
Let l(c) = c**2 - 35*c - 29. Let q be l(42). Let i = q + -201. What are the prime factors of i?
2
Let t(m) = -95*m**3 - 5*m**2 - m - 2. Suppose 0 = 5*f - 3 - 2, 5*d + 2*f = -8. What are the prime factors of t(d)?
2, 5, 37
Let u be 140 + -5 - (-4 - (-4)/2). Let s = u - 128. What are the prime factors of s?
3
Let u = -812 - -2022. Let r = 1861 - u. List the prime factors of r.
3, 7, 31
Suppose 14*n - 13*n + 4879 = 0. Let v be (n/4)/7 - 2/(-8). Let s = 269 + v. List the prime factors of s.
5, 19
Let g = 43 + -892. Let r = -449 - g. List the prime factors of r.
2, 5
What are the prime factors of 5/25 - (-706077)/115?
2, 5, 307
Let d(f) = f**2 + 9*f - 7. Let z be (40/4)/(2*(-3)/6). Let s be d(z). Suppose 2*q + 3*t = 221, -4*t + 3*t = s*q - 335. List the prime factors of q.
2, 7
Suppose 0 = -a - 2*u + 61773, -1390*u + 1391*u = 4*a - 247155. List the prime factors of a.
11, 41, 137
Let g = -185 + 177. What are the prime factors of ((-476)/g)/(((-2)/4)/(-1))?
7, 17
Let z = -201 - -251. Suppose 3*o + 2*p = 571, z*o - 46*o - 2*p - 738 = 0. What are the prime factors of o?
11, 17
Let a = -8940 - -12534. List the prime factors of a.
2, 3, 599
Let a = 66 + -50. Suppose -7*o = -11*o + a. Suppose -o*m = -9*m + 555. List the prime factors of m.
3, 37
Let g(b) = b**3 - 14*b**2 + 12*b - 2. Let v be g(13). List the prime factors of (3 + -3033)/(-3) + 12 + v.
19, 53
Let s(b) be the first derivative of 2*b**4/3 + b**3/2 - 2*b**2 + 10*b + 6. Let j(r) be the first derivative of s(r). List the prime factors of j(3).
7, 11
Let q be (5/(30/2786))/1*3. Let g = q - 431. What are the prime factors of g?
2, 13, 37
Suppose -9 = 3*o, 0 = -3*c - 4*o - 0*o + 30. Suppose 0 = 2*q + 8 - c. Suppose -4 = 2*l, -2*n - q*n + 2*l = -214. List the prime factors of n.
2, 3, 7
Let i = -6506 + 7890. What are the prime factors of i?
2, 173
Suppose b = t + 20254, 491*b = 494*b - 2*t - 60756. What are the prime factors of b?
2, 2531
Let i(y) = 8*y + 56. Let v be i(0). Suppose 3*o - b - v = 0, 3*o = o + 5*b + 59. What are the prime factors of o?
17
Suppose -3*l = 4*i - 109 - 554, l = 3*i + 221. Suppose -3*x - 1031 = v - 1155, 88 = 2*x + 2*v. Let j = l - x. What are the prime factors of j?
181
Let k = -863 - -1355. Suppose -k*b + 2448 = -486*b. What are the prime factors of b?
2, 3, 17
Suppose 3714*h - 3703*h = 55660. What are the prime factors of h?
2, 5, 11, 23
Suppose 3*m + 4*h - 7017 = 0, 171*m - 166*m + 5*h = 11705. What are the prime factors of m?
2347
Suppose 159*l = 1697616 + 1415763. What are the prime factors of l?
3, 61, 107
Suppose 5*m = 3*d - 140, -4*m + 5*d = 113 - 1. Let v = m - -35. Suppose -204 = -v*y - 5*y. What are the prime factors of y?
17
Let a be 792/3 - (3/1 + 1). Let w = -236 + a. What are the prime factors of w?
2, 3
Suppose -5*m + 1755 = -5*l, -2*m - 145 = 3*l + 933. Let f = l - -1005. List the prime factors of f.
11, 59
Let x be (36/1)/((-18)/228). Let v = x + 650. What are the prime factors of v?
2, 97
Suppose -163216 = -12*f + 56986 + 39130. What are the prime factors of f?
21611
Let v = -5335 + 9110. Suppose -4*y = -v - 841. List the prime factors of y.
2, 577
Let d be 186/9 - (-12)/(-18). Suppose -4*f = 4*c - 1512, -22*f = -d*f - 4*c - 732. What are the prime factors of f?
2, 11, 17
Suppose -985284 + 222394 = -10*w. List the prime factors of w.
76289
Suppose -287 = -3*t - 4*w, 2*w + 39 + 272 = 3*t. Suppose a - 4*j - t = -j, 4*j = -8. What are the prime factors of a?
5, 19
Let x(p) = -6*p + 15. Let o(s) = -1. Let h(m) = 5*o(m) + x(m). Let t be 6/(2/24*-8). What are the prime factors of h(t)?
2
Let z = 61838 - 40815. What are the prime factors of z?
21023
Suppose 26*k - 21*k - 31395 = 4*u, -25116 = -4*k + 4*u. List the prime factors of k.
3, 7, 13, 23
Let v(r) = 57*r + 8*r - 8 + 28*r. Let u be v(1). Suppose 6*c = 161 + u. What are the prime factors of c?
41
Suppose -2*f - p + 1240 = 0, -4*p = -2*f - 6*p + 1238. Let h = 1100 - f. What are the prime factors of h?
479
Let i(r) = 820*r + 300. List the prime factors of i(6).
2, 3, 5, 29
Let m be (-39)/(-8) + -5 - (-1029027)/24. Suppose m = -b + 37*b. List the prime factors of b.
3, 397
Suppose 4*l + 36054 = -2*j + 7*j, -4*j = -l - 28830. List the prime factors of j.
2, 3, 1201
Suppose -17*p + 15*p + 4*i = -1828, 0 = -4*p + 3*i + 3666. Suppose 0 = 16*x - 12*x + z - p, 220 = x + 5*z. What are the prime factors of x?
2, 5, 23
Let r(g) = 10*g - 27*g - 22 + 7*g + 12*g. Let d be r(13). Suppose 10*f = d*f + 888. List the prime factors of f.
2, 37
Let h be (-2)/(-4) + 9/6. Suppose -h*j = -2*z + 130, -2*j - j - 331 = -5*z. Suppose 3*o - 51 = 4*c, -5*o - 5*c = -o - z. What are the prime factors of o?
17
Suppose -3*r + 384*a = 385*a - 46586, -5*r = 4*a - 77648. What are the prime factors of r?
2, 3, 647
Let s be (-2 - 0)*(-343)/(-14). Let d = s + 78. Suppose o = 6 + d. What are the prime factors of o?
5, 7
List the prime factors of (26/(-4) - -3)/((-1)/(-2)) + 41714.
179, 233
Let g = -706 + 866. Let i = g + -85. What are the prime factors of i?
3, 5
Let r(w) = -5*w**2 - 3*w + 2. Let y be r(-1). Suppose y = -47*n + 48*n - 176. List the prime factors of n.
2, 11
Suppose u - 3*u - 24 = 0. Let i be 7/((u/8 + 2)/(-10)). Let l = i - -222. List the prime factors of l.
2, 41
Suppose 5*j = 0, -t + 11368 = 8*j - 3*j. What are the prime factors of t?
2, 7, 29
Let a = -965 - -10348. List the prime factors of a.
11, 853
Let z = -289 - -294. Suppose -z*x - 2*x + 9548 = 0. What are the prime factors of x?
2, 11, 31
Let w(q) = 9 + 862*q - 2 - 1 - 981*q. Let u be w(-2). Suppose 11*z = u + 427. What are the prime factors of z?
61
Let t = 156 - -275. Suppose -638 = -3*n + x, -x + 6*x - t = -2*n. What are the prime factors of n?
3, 71
Suppose -t = -n + 166, -9*n - 503 = -12*n + 2*t. Suppose -53 = -p - n. Let f = -4 - p. List the prime factors of f.
2, 3, 19
Let t be (-5)/(-1) - 4/(-1 + 2). What are the prime factors of ((-3)/t)/(3/(-998))?
2, 499
Suppose -848 = -4*t + 3*t + 5466. What are the prime factors of t?
2, 7, 11, 41
Let r be (-1)/(1*39/21 - 2). What are the prime factors of (-308)/(-11)*60/r?
2, 3, 5
Let t(v) = 62*v**2 - 3*v - 7. What are the prime factors of t(8)?
31, 127
Let h = 133 + -155. Let s = 15 + h. Let k(z) = -z**2 - 10*z - 10. List the prime factors of k(s).
11
Let w(u) = 49 - 22 - 28 + u. Let s be w(6). Suppose m = -2*x + 384, 4*x + s*m = x + 576. What are the prime factors of x?
2, 3
Suppose -45*j - 160 = -40*j. Let i = -28 - j. Suppose 552 = 10*b - i*b. What are the prime factors of b?
2, 23
Let k(u) = -u**3 + 3*u**2 + 4*u + 11. Let m = 105 - 98. Suppose 5*y - m = -32. List the prime factors of k(y).
191
What are the prime factors of (-706)/2471*(-14)/(-3)*53202/(-4)?
2, 8867
Suppose 6 = 2*a, 8*s + 3*a = 7*s + 9. Let y be s/(12/(-4)) + 4. Suppose -v = y*v - 20, -i - 2*v + 76 = 0. What are the prime factors of i?
2, 17
Suppose 0 = -467*u + 131*u + 9093168. List the prime factors of u.
3, 31, 97
Let o be (2 - (1 - 0))/((-2)/(-2362)). Let z = o - 817. Suppose 8*c + 108 = z. What are the prime factors of c?
2
Suppose 3*o - 26*m - 10584 = -21*m, -2*m - 3528 = -o. What are the prime factors of o?
2, 3, 7
Let d be 7/((-2)/1 + 3). Suppose 3*w - 2*a + 486 = d*w, 5*a = -5*w + 600. List the prime factors of w.
3, 41
Let x = -38 + 47. List the prime factors of (-3*3/x)/((-5)/600).
2, 3, 5
Suppose -3*k + 124 = -7*k. Let j = -70 - k. Let f = j + 97. List the prime factors of f.
2, 29
Suppose 0 = -7*a + 357140 - 200627. List the prime factors of a.
3, 29, 257
Let q(w) = 10*w - 30. Let n(j) = j**2 - 8*j + 3. Let a be n(8). Let y be q(a). Suppose y = -4*r + 20*r - 1680. What are the prime factors of r?
3, 5, 7
Let h = 29 + -14. Let i = 15 - h. Suppose -3*z + 92 + 88 = i. What are the prime factor